5. Let t be n(2). Calculate the greatest common divisor of t and 12.
3
Let h be (-12)/4*(-16)/(-1). Let y = h - -72. Calculate the highest common divisor of y and 264.
24
Suppose 4*o - 6*o = -224. Calculate the greatest common factor of 16 and o.
16
Let w(x) = -x**3 + 4*x**2 + 5*x + 4. Let f be w(5). Let u(m) = -m**2 + 6*m - 4. Let t be u(4). Calculate the highest common factor of f and t.
4
Let s be (-3 - (-33)/6)*8/5. Suppose 4*p = -0*p + 40. Suppose 4*x - 24 = -s*u, -3*u - 3*x - 2*x = -p. What is the greatest common factor of u and 80?
10
Suppose 0 = -10*w + 64 - 14. Let q = 103 - 68. Calculate the highest common divisor of q and w.
5
Let z be (-5)/(-3)*(-12 - -30). Calculate the highest common divisor of 120 and z.
30
Let v(x) = 5*x**3 - 2*x**2 + 2*x. Let f be 7/4 - 1/(-4). Let g be v(f). What is the highest common factor of 12 and g?
12
Let i(t) = 75*t**3 + 2*t**2 - 2*t - 5. Let m(k) = -k**2 + 1. Let c(o) = -i(o) - 4*m(o). Let j be c(-1). What is the highest common factor of j and 19?
19
Let v(n) = 24*n. Let b be v(1). Suppose 5*u + z - 295 = -4*z, -z = -5. Let d = 90 - u. Calculate the greatest common factor of d and b.
12
Suppose -x + w - 6 = 0, -3*x - 5*w - 30 = 2*x. Let l = -4 - x. Let k be (-2)/(-4) - (-5)/l. What is the highest common divisor of k and 33?
3
Suppose 4*d - 4*p - 162 = -d, -d - 2*p + 38 = 0. Calculate the highest common divisor of d and 51.
17
Let j be (-2 + -1 - -4) + 3. Suppose -j*y = -67 - 93. Suppose 0 = 5*v - y - 40. Calculate the highest common divisor of 96 and v.
16
Let u be -132*(8/2 + -7). What is the greatest common divisor of u and 36?
36
Suppose -2 = 4*t - 10. Suppose u - 5*k = 8, 0 = 2*u + 5*k - t*k - 3. Let z = 599 - 593. What is the highest common divisor of z and u?
3
Let x be -1 + 1 - (-6 - 2). What is the greatest common factor of 88 and x?
8
Let u be 4*((-1)/(-2))/1. Suppose 0*y + i - 19 = -u*y, -40 = -5*y - 4*i. Let g be (4/(-6))/((-4)/y). Calculate the greatest common divisor of g and 3.
1
Let y be (-14 - -16) + 8*4. What is the highest common divisor of y and 136?
34
Let v = 7 + -3. Suppose 8 = 4*q + 4*l, q - v*q - 5*l = 0. What is the highest common factor of 25 and q?
5
Let u(z) = z**3 + 8*z**2 - 6*z - 6. Suppose 0 = -f + 5*f + 28. Let q be u(f). Calculate the highest common factor of 34 and q.
17
Suppose -a = 2*a + 9, 0 = -5*o + 5*a - 15. Let t be 27*(1 - 3)/o. Calculate the greatest common divisor of t and 9.
9
Let l be (1 + 1)/(2/4). Suppose l*c - 51 = -5*p - 17, 2*c - p = 10. Calculate the greatest common divisor of 2 and c.
2
Let b = -67 - -85. What is the greatest common factor of 162 and b?
18
Let w be 73/5 + 6/15. Suppose -5*z - w = -0, 2*f - 324 = -2*z. Suppose -60 = -4*p + 3*s, 30 = -2*p + 4*p + 2*s. Calculate the highest common factor of p and f.
15
Let v(i) = -18*i. Let b = -2 + 2. Suppose -5*g - 5 = 3*d, b*d = d. Let r be v(g). What is the highest common divisor of 198 and r?
18
Let q(n) = 11*n**2 + 1. Let x be q(-2). Suppose 0 = -7*k + 4*k + 90. Calculate the highest common divisor of k and x.
15
Suppose -5*r = -3*v + 28, 3*r + r = -5*v + 96. Let i = -28 - -19. Let k = i + 13. Calculate the greatest common factor of v and k.
4
Let o(h) = 2*h**3 + 5*h - 1. Let k(s) = 3*s**3 + 4*s - 1. Let g(u) = 4*k(u) - 3*o(u). Let a be g(1). What is the highest common divisor of a and 6?
6
Let v = 9 + -7. Suppose -v = -q + 15. What is the highest common factor of 119 and q?
17
Let j be -3 - (3 + -41 + -3). Calculate the highest common divisor of j and 19.
19
Let b = 250 + -96. What is the highest common divisor of b and 14?
14
Let z = 121 + 47. Suppose -w + 2*k - 8 = 6*k, 4*w + 6 = -3*k. Suppose 105 = 3*n + 2*n + 3*y, w = -2*n + y + 42. What is the greatest common factor of z and n?
21
Suppose -5*g - 5*l = -4*g - 258, -4*l = 5*g - 1374. Let o = g + -127. Let n = o + -41. What is the greatest common factor of 10 and n?
10
Let j(z) = z + 2. Let i be j(7). Suppose -i - 31 = -f. Calculate the greatest common factor of 5 and f.
5
Suppose 0*t = 3*t - 330. What is the highest common divisor of 10 and t?
10
Let o be (-7)/((-2 - 0)/2). Let p(a) be the first derivative of 3*a**2/2 + 5*a - 1. Let j be p(o). Calculate the highest common divisor of 65 and j.
13
Let s = 22 + -26. Let t(l) = -l**3 + 2*l**2 + 2*l - 3. Let a be t(s). What is the highest common divisor of a and 17?
17
Suppose 0 = 2*n + w - 16, 3*w = 3*n + 2*w - 19. Suppose 48 = -3*p + n*p. Calculate the greatest common divisor of p and 18.
6
Let s = -26 - 24. Let b = 83 + s. Calculate the greatest common divisor of 22 and b.
11
Let j = -5 - -9. Suppose -4*f + 22 = 2*u, -10 = j*u - 6*u. Let o(v) = v**3 - 2*v**2 + v - 3. Let p be o(f). What is the greatest common factor of 27 and p?
9
Let u be 33/11*10/3. Calculate the greatest common divisor of u and 100.
10
Let s be (0/(-1))/(-2) - -4. Let u be 1130/14 - s/(-14). Let l = 52 + -43. Calculate the greatest common factor of u and l.
9
Let n be (21/(-14))/((-2)/4). Suppose -n*u + 17 + 13 = 0. Calculate the greatest common factor of 4 and u.
2
Suppose 3*o + 4*v - 265 - 155 = 0, 0 = 4*v. Let r = o + -52. Let n(u) = -u**2 + 10*u + 2. Let w be n(9). Calculate the highest common divisor of r and w.
11
Suppose -5*d - 5 + 180 = 0. Calculate the highest common factor of 5 and d.
5
Let t = 266 + 115. Suppose 0*b - 3*b - t = 0. Let u = b - -235. What is the greatest common factor of 12 and u?
12
Let s = -6 + 8. Suppose -5*h = -2*v - 184, v = s*v + 2. Let o(f) = -f**2 + 14*f. Let c be o(12). Calculate the highest common factor of h and c.
12
Suppose -4*u - 5*o = -811, -3*o - 433 = -3*u + u. What is the greatest common factor of u and 19?
19
Suppose -5*b = -460 - 560. Let q = -109 + b. What is the highest common divisor of q and 38?
19
Let v be 24/(-15)*55/(-2). What is the greatest common divisor of v and 110?
22
Let v be (-19)/(-1)*(1 + 0). Let k = v - 6. Calculate the highest common factor of 13 and k.
13
Suppose -9*c = -4*c - 30. Let a be c - 6 - -1*3. What is the highest common divisor of 24 and a?
3
Suppose -5*d = -27 - 3. Let h = -10 - -16. What is the highest common factor of d and h?
6
Let o(f) = -f**3 - 51*f**2 - 49*f + 75. Let r be o(-50). Let h = -17 + 27. Calculate the highest common factor of h and r.
5
Suppose 18 = -g + 2*g. Let r be (-60)/24*g/(-5). What is the greatest common factor of 9 and r?
9
Suppose 2*c - y - 25 = c, 3*y = -9. Let d be ((-22)/4)/(2/(-8)). Calculate the highest common factor of c and d.
22
Let o be 64/((-6)/(-3))*1. What is the highest common divisor of o and 64?
32
Suppose 0 = -3*b + 28 - 22. What is the greatest common factor of 4 and b?
2
Let z(w) = w**2 + 6*w - 24. Let u be z(-9). Calculate the highest common factor of 3 and u.
3
Let n = 11 - 7. Let b = 15 + -15. Suppose b = 4*y - 12 + n. What is the greatest common factor of y and 2?
2
Let j = 255 - 178. Calculate the highest common factor of 7 and j.
7
Let r(q) = 2*q**2 + 6*q + 2. Let u be r(-4). Suppose -4*z = -8*z + 280. What is the highest common divisor of z and u?
10
Suppose 4*b - 2*q = -b + 12, 0 = -b + 3*q + 5. Suppose -3*x + 2*x - 8 = 0. Let p = 10 + x. What is the greatest common divisor of p and b?
2
Let h = 14 + -8. Let m(b) = b**2 - b + 1. Let i be m(0). Let u be i - (-1 + 0/(-2)). What is the greatest common factor of h and u?
2
Let u(k) = 9*k**2 + 2*k - 15. Let f be u(-4). What is the highest common factor of f and 11?
11
Let k be ((-4)/(-6))/((-4)/(-30)). Suppose k*r + 0 = 3*m - 43, -4 = m + 2*r. Calculate the greatest common divisor of 24 and m.
6
Let u(m) = -7*m - 7. Suppose 0 = 5*c + 48 - 8. Let g be u(c). Calculate the greatest common divisor of 7 and g.
7
Let n(g) = -g**3 + g - 88. Let r be n(0). Let c = 59 - r. What is the highest common divisor of 21 and c?
21
Let s be 3/2*(-4)/(-6). Let p(t) = -t**3 - 3*t**2 + 2*t - 3. Let y be p(-4). What is the greatest common factor of y and s?
1
Let s(c) = c**2 - 2*c - 4. Let g be s(-6). Suppose -3*v = -v - g. Let m(u) = u + 33. Let r be m(0). What is the greatest common factor of v and r?
11
Let m(l) = 12*l**3 + l**2 - 3*l + 4. Let g be m(2). What is the greatest common factor of 14 and g?
14
Let v(a) = -13*a - 70. Let d be v(-8). What is the highest common factor of 374 and d?
34
Let c(i) = 2*i**2 - 8*i - 6. Let n be c(5). Calculate the highest common di